{"id":13438,"date":"2024-08-22T13:56:24","date_gmt":"2024-08-22T11:56:24","guid":{"rendered":"https:\/\/grob-forest.fr\/?post_type=product&#038;p=13438"},"modified":"2026-03-27T15:33:13","modified_gmt":"2026-03-27T14:33:13","slug":"brennholzpalette-25-cm-3-ster-gebrauchsfertig-gemischte-harthoelzer-eiche-hainbuche-buche-esche-ahorn","status":"publish","type":"product","link":"https:\/\/grob-forest.fr\/index.php\/produit\/brennholzpalette-25-cm-3-ster-gebrauchsfertig-gemischte-harthoelzer-eiche-hainbuche-buche-esche-ahorn\/","title":{"rendered":"\ud83d\udd25Bois de chauffage en 25\u202fcm \u2013 Palette 03\u202fst\u00e8res, pr\u00eat \u00e0 l\u2019emploi &#8211; M\u00e9lange de bois dur (ch\u00eane, charme, h\u00eatre) &#8211;    **\ud83c\udf81 Offre sp\u00e9ciale : 01 Palette offert pour l&rsquo;achat de 05 Palettes et 02 Palettes offerts pour l&rsquo;achat de 10 Palettes ***"},"content":{"rendered":"<h1 class=\"product_title entry-title wd-entities-title\">\ud83d\udd25<strong>Bois de chauffage en 25\u202fcm <\/strong>&#8211; <strong>Palette 03\u202fst\u00e8res, pr\u00eat \u00e0 l\u2019emploi &#8211; <\/strong>M\u00e9lange de bois dur (ch\u00eane, charme, h\u00eatre )<\/h1>\n<p>Profitez d\u2019un <strong>bois de chauffage sec et pr\u00eat \u00e0 l\u2019emploi<\/strong>, coup\u00e9 en <strong>morceaux de 25\u202fcm<\/strong>, id\u00e9al pour <strong>chemin\u00e9es, po\u00eales et inserts<\/strong>. Ce bois de qualit\u00e9 sup\u00e9rieure est compos\u00e9 d\u2019un <strong>m\u00e9lange de bois durs<\/strong> : <strong>ch\u00eane, charme, h\u00eatre, fr\u00eane et \u00e9rable<\/strong>, garantissant une <strong>combustion optimale et une chaleur intense et durable<\/strong>.<\/p>\n<hr \/>\n<h2>\u2b50 <strong>Avantages de notre bois de chauffage<\/strong><\/h2>\n<ul>\n<li>Bois <strong>sec et pr\u00eat \u00e0 l\u2019emploi<\/strong>, sans insectes ni mousse<\/li>\n<li><strong>Combustion rapide et facile<\/strong>, pour un allumage imm\u00e9diat<\/li>\n<li><strong>Chaleur constante et durable<\/strong> gr\u00e2ce aux bois durs de qualit\u00e9 sup\u00e9rieure<\/li>\n<li><strong>Pratique et \u00e9cologique<\/strong>, conditionn\u00e9 en <strong>fagots compact\u00e9s sur palette<\/strong><\/li>\n<li>Chaque m\u00e8tre cube de bois correspond \u00e0 <strong>1,8\u202fm\u00b3 de volume<\/strong> de bois empil\u00e9<\/li>\n<\/ul>\n<hr \/>\n<h2>\ud83d\udce6 <strong>Conditionnement et livraison<\/strong><\/h2>\n<ul>\n<li><strong>Palette de 3\u202fst\u00e8res<\/strong> de bois de chauffage coup\u00e9 en morceaux de 25\u202fcm<\/li>\n<li><strong>Livraison :<\/strong> France m\u00e9tropolitaine, Luxembourg, Belgique, Allemagne<\/li>\n<li>Bois compact\u00e9 et envelopp\u00e9 pour un transport et un stockage faciles<\/li>\n<\/ul>\n<hr \/>\n<h2>\ud83c\udf81 <strong>Offre sp\u00e9ciale<\/strong><\/h2>\n<ul>\n<li><strong>Profitez de notre ** offre limit\u00e9e :<\/strong><strong>* 01 Palette gratuit pour tout achat de 05 Palettes **<\/strong><strong>* 02 Palettes gratuits pour l&rsquo;achat de 10 Palettes **<\/strong><\/li>\n<\/ul>\n<hr \/>\n<h2>\ud83d\udca1 <strong>Pourquoi choisir notre bois de chauffage ?<\/strong><\/h2>\n<ul>\n<li>\ud83d\udd25 Bois de haute qualit\u00e9, <strong>100\u202f% naturel et durable<\/strong><\/li>\n<li>\ud83c\udf3f <strong>Produit \u00e9cologique<\/strong>, issu de for\u00eats g\u00e9r\u00e9es durablement<\/li>\n<li>\ud83e\udeb5 Parfait pour <strong>po\u00eales, inserts et chemin\u00e9es<\/strong>, pour un confort de chauffage optimal<\/li>\n<li>\ud83d\ude9b Livraison pratique, bois <strong>pr\u00eat \u00e0 br\u00fbler<\/strong><\/li>\n<\/ul>\n<p>&nbsp;<\/p>\n","protected":false},"excerpt":{"rendered":"<p><span style=\"color: #333399;\">Bois de chauffage de haute qualit\u00e9, soigneusement empil\u00e9 sur palette jetable et conditionn\u00e9 sous film r\u00e9tractable, pour une manipulation facile et un stockage optimal.<\/span><\/p>\n<p><span style=\"color: #333399;\">Le taux d\u2019humidit\u00e9 est rigoureusement contr\u00f4l\u00e9 tout au long du processus de s\u00e9chage et est garanti inf\u00e9rieur \u00e0 20 %, assurant ainsi un rendement \u00e9nerg\u00e9tique optimal et une combustion efficace.<\/span><\/p>\n","protected":false},"featured_media":13468,"template":"","meta":[],"product_brand":[],"product_cat":[515],"product_tag":[],"class_list":{"0":"post-13438","1":"product","2":"type-product","3":"status-publish","4":"has-post-thumbnail","6":"product_cat-bois-de-chauffage","8":"first","9":"instock","10":"taxable","11":"shipping-taxable","12":"purchasable","13":"product-type-simple"},"_links":{"self":[{"href":"https:\/\/grob-forest.fr\/index.php\/wp-json\/wp\/v2\/product\/13438","targetHints":{"allow":["GET"]}}],"collection":[{"href":"https:\/\/grob-forest.fr\/index.php\/wp-json\/wp\/v2\/product"}],"about":[{"href":"https:\/\/grob-forest.fr\/index.php\/wp-json\/wp\/v2\/types\/product"}],"version-history":[{"count":18,"href":"https:\/\/grob-forest.fr\/index.php\/wp-json\/wp\/v2\/product\/13438\/revisions"}],"predecessor-version":[{"id":14501,"href":"https:\/\/grob-forest.fr\/index.php\/wp-json\/wp\/v2\/product\/13438\/revisions\/14501"}],"wp:featuredmedia":[{"embeddable":true,"href":"https:\/\/grob-forest.fr\/index.php\/wp-json\/wp\/v2\/media\/13468"}],"wp:attachment":[{"href":"https:\/\/grob-forest.fr\/index.php\/wp-json\/wp\/v2\/media?parent=13438"}],"wp:term":[{"taxonomy":"product_brand","embeddable":true,"href":"https:\/\/grob-forest.fr\/index.php\/wp-json\/wp\/v2\/product_brand?post=13438"},{"taxonomy":"product_cat","embeddable":true,"href":"https:\/\/grob-forest.fr\/index.php\/wp-json\/wp\/v2\/product_cat?post=13438"},{"taxonomy":"product_tag","embeddable":true,"href":"https:\/\/grob-forest.fr\/index.php\/wp-json\/wp\/v2\/product_tag?post=13438"}],"curies":[{"name":"wp","href":"https:\/\/api.w.org\/{rel}","templated":true}]}}